s) = -33*s**2 - 176*s + 755. Calculate t(5).
-950
Let r(b) = 371*b + 225. Give r(-2).
-517
Let o(s) = -s**2 + 33*s - 229. Calculate o(23).
1
Let s(o) = -2*o**3 - 3*o**2 + 624*o - 623. Determine s(1).
-4
Let d(n) = -32*n**2 + 3014*n - 3864. What is d(93)?
-330
Let r(s) = s**2 - 8494*s - 1314202. Calculate r(-152).
-10
Let b(p) = 2*p**2 - 4031*p + 227055. Calculate b(58).
-15
Let k(q) = 506*q**2 + 10503*q - 31512. Give k(3).
4551
Let j(t) = 1795*t**3 + 1744*t**2 + 4*t + 7. Determine j(-1).
-48
Let l(g) = -20*g**2 - 33780*g - 468992. Give l(-1675).
8
Let y(k) = -72765*k + 581894. Calculate y(8).
-226
Let s(x) = x**2 - 1212415*x - 3637246. Calculate s(-3).
8
Let g(k) = 356863*k + 1427524. Calculate g(-4).
72
Let z(g) = 18*g**2 - 438*g + 418. Give z(23).
-134
Let m(x) = 5*x**3 - 69*x**2 - 14*x + 168. Determine m(14).
168
Let b(q) = 7392*q - 75964. Determine b(10).
-2044
Let h(u) = -9*u**2 - 68*u + 742. Determine h(6).
10
Let l(z) = 9948*z - 89542. Give l(9).
-10
Let i(t) = -t**3 + 85*t**2 - 627*t - 2035. Determine i(11).
22
Let k(w) = 107*w**3 - 1406*w**2 + 198*w - 38. What is k(13)?
1
Let i(p) = 3820*p + 80223. Calculate i(-21).
3
Let p(u) = 12125*u - 84756. Give p(7).
119
Let k(i) = -4*i**2 - 180*i - 870. What is k(-36)?
426
Let k(s) = s**2 + 4*s - 716. Give k(-10).
-656
Let s(d) = -d**2 - 229*d - 1604. Calculate s(-7).
-50
Let v(n) = -2915*n - 37889. Calculate v(-13).
6
Let f(o) = 8*o**2 + 61*o - 113. Calculate f(-6).
-191
Let x(n) = -117*n**2 + 1608*n + 402. Calculate x(14).
-18
Let t(l) = -l**2 + 204*l - 2119. Determine t(11).
4
Let o(h) = 169*h - 32942. Give o(196).
182
Let b(x) = -18*x**2 - 1777*x - 63. Determine b(-99).
-558
Let d(n) = -129183*n + 645913. Determine d(5).
-2
Let a(y) = -36373*y + 654716. Calculate a(18).
2
Let c(t) = -118*t**2 + 438*t - 2. Give c(3).
250
Let z(a) = -14252*a + 71265. What is z(5)?
5
Let i(n) = 10*n**2 + 627*n - 700. What is i(-65)?
795
Let y(p) = -879*p - 10413. Calculate y(-16).
3651
Let u(o) = -41*o**3 - 4712*o**2 + 347*o + 227. Give u(-115).
-3
Let k(c) = -10*c**2 + 8379*c - 33371. What is k(4)?
-15
Let r(o) = -o**2 + 232910*o - 4424927. Give r(19).
2
Let j(p) = p**3 + 62*p**2 + 178*p + 686. What is j(-59)?
627
Let x(b) = -2032*b + 221461. What is x(109)?
-27
Let u(d) = 2*d**3 + 25*d**2 + 3*d + 201. Determine u(-13).
-7
Let x(b) = 1987*b + 41592. What is x(-21)?
-135
Let f(c) = -3124*c - 84351. What is f(-27)?
-3
Let b(y) = 22489*y + 44310. Determine b(-2).
-668
Let i(f) = 31089*f - 3544154. Calculate i(114).
-8
Let g(p) = 2*p**3 + 4482*p**2 + 17914*p + 40272. What is g(-2237)?
6
Let t(q) = q**2 - 1791*q + 140142. Give t(82).
4
Let i(q) = -113*q**2 + 1919*q - 19. Determine i(17).
-53
Let b(s) = 5856*s + 64691. Calculate b(-12).
-5581
Let q(l) = 1735*l - 52022. Give q(30).
28
Let u(o) = o**3 - 24*o**2 - 36*o + 499. What is u(25)?
224
Let t(b) = 15460*b + 958549. Give t(-62).
29
Let t(l) = -9*l**3 + 52*l**2 + 5*l - 37. Calculate t(7).
-541
Let x(c) = -3*c**2 - 268*c - 4628. Give x(-62).
456
Let h(n) = 41*n**2 - 357*n + 358. Calculate h(1).
42
Let b(m) = 119466*m - 477935. Determine b(4).
-71
Let b(d) = -d**3 + 17*d**2 + 71*d + 118. Give b(-6).
520
Let b(i) = 9*i**2 + 619*i - 6281. Give b(10).
809
Let m(p) = -269*p + 9992. Give m(19).
4881
Let a(v) = -272*v**2 + 1849*v + 406. Calculate a(7).
21
Let n(j) = -j**3 - 34*j**2 - 26*j + 243. Calculate n(-33).
12
Let z(a) = -306108*a + 3673317. What is z(12)?
21
Let s(j) = 28093*j - 168658. Determine s(6).
-100
Let q(m) = -8200*m + 196835. Give q(24).
35
Let w(u) = -u**3 - 1098*u**2 + 3276*u + 45. Determine w(3).
-36
Let a(z) = -3254*z + 25575. Give a(8).
-457
Let z(g) = g**3 + 799*g**2 - 200995*g + 4998. Calculate z(-1000).
-2
Let m(j) = -j**3 + 66*j**2 - 147*j + 1221. Determine m(64).
5
Let u(x) = 106*x - 8728. Give u(82).
-36
Let s(a) = -a**3 + 15*a**2 - 694*a + 12187. Calculate s(17).
-189
Let q(b) = -2*b**3 - 19*b**2 + 50*b + 337. Give q(-10).
-63
Let x(m) = 6*m**3 + 18*m**2 - 130*m + 365. Determine x(3).
299
Let m(i) = -5*i**2 + 610*i - 18656. Determine m(61).
-51
Let i(w) = 73852*w - 221540. What is i(3)?
16
Let d(r) = -130*r + 2343. Determine d(18).
3
Let p(k) = -1165*k - 29204. Determine p(-25).
-79
Let o(q) = -20243*q - 202401. Calculate o(-10).
29
Let w(t) = -t**3 - 302*t**2 - 2071*t - 1272. Determine w(-295).
498
Let r(z) = -z**3 + 13*z**2 + 119*z + 152. What is r(20)?
-268
Let i(u) = 1997*u + 7778. What is i(-4)?
-210
Let p(o) = 2*o**3 + 84*o**2 + 58*o + 2438. Determine p(-42).
2
Let h(x) = -3*x**3 - 16*x**2 + 126*x + 768. Determine h(-6).
84
Let h(u) = -u**2 + 8837*u + 17677. Give h(-2).
-1
Let l(n) = n**3 - 7*n**2 - 1604*n - 10538. Determine l(-7).
4
Let k(y) = y**3 + 18*y**2 + 180*y + 1826. What is k(-15)?
-199
Let i(o) = 9622*o - 1549149. Calculate i(161).
-7
Let c(j) = 27*j**2 - 1751*j + 19097. Give c(51).
23
Let i(g) = -246*g**2 + 203*g + 51. Calculate i(2).
-527
Let x(y) = -y**2 + 630*y - 86213. Determine x(429).
16
Let f(o) = o**2 - 4440*o + 80549. Calculate f(18).
953
Let h(z) = -z**3 + 373*z**2 - 579*z - 60469. What is h(371)?
4
Let a(q) = -80204*q - 2406123. Give a(-30).
-3
Let t(x) = 34014*x + 952337. What is t(-28)?
-55
Let j(z) = -79*z - 8229. Determine j(-107).
224
Let t(c) = -c**2 + 2627*c - 18371. What is t(7)?
-31
Let p(q) = 10*q**2 - 4220*q + 8452. Give p(420).
52
Let x(w) = 6*w**2 - 1899*w + 2407. Calculate x(315).
-428
Let j(b) = 1936*b - 2691056. Determine j(1390).
-16
Let w(c) = -c**2 - 1464*c + 69829. Give w(45).
1924
Let d(r) = 57466*r - 114891. Determine d(2).
41
Let x(v) = 3*v**3 + 56*v**2 + 186*v + 819. Calculate x(-16).
-109
Let t(k) = 60900*k - 9135014. Determine t(150).
-14
Let d(b) = b**3 - 147*b**2 + 1345*b - 133. Give d(9).
794
Let a(l) = -l**3 - 14*l**2 + 5*l - 182. What is a(-13)?
-416
Let v(h) = -h**3 - 51*h**2 - 416*h + 133. Calculate v(-36).
-4331
Let n(v) = -8*v**2 - 174*v + 215. Calculate n(-19).
633
Let x(f) = f**3 + 35*f**2 + 117*f - 444. Calculate x(-31).
-227
Let a(v) = -1816*v + 61818. Give a(34).
74
Let l(f) = -f**3 - 82*f**2 + 75*f - 942. Calculate l(-83).
-278
Let l(m) = -3*m**2 - 19536*m - 2732292. Determine l(-143).
9
Let h(o) = -2*o**2 - 38*o + 1434. Give h(16).
314
Let f(j) = j**2 + 16*j - 81. Give f(-26).
179
Let k(q) = -39*q**3 - 4095*q**2 + 57*q + 5992. What is k(-105)?
7
Let s(t) = 2277459*t + 13664758. Give s(-6).
4
Let h(m) = 29*m + 3507. Determine h(-145).
-698
Let v(q) = -83*q**2 + 3566*q + 159. What is v(43)?
30
Let t(l) = -3*l**2 - 1471*l + 721150. What is t(303)?
10
Let m(u) = 5297*u - 143006. What is m(27)?
13
Let m(c) = -72*c**2 - 2831*c + 2828. Calculate m(1).
-75
Let n(v) = -25*v**3 - 2953*v**2 - 363*v - 1686. Determine n(-118).
-624
Let a(k) = 913*k - 371614. Give a(407).
-23
Let x(d) = -22*d - 990. Give x(-56).
242
Let x(g) = 3*g**2 + 2754*g - 1109886. Determine x(-1221).
3
Let g(v) = -3*v**3 + 38*v**2 - 3*v - 267. What is g(12)?
-15
Let m(t) = 3*t**3 - 5961*t**2 + 6193*t - 466716. What is m(1986)?
-6
Let l(s) = -177*s**2 + 80713*s - 562. What is l(456)?
-106
Let x(a) = -a**3 + 150*a**2 - 1027*a + 3850. Calculate x(143).
132
Let q(p) = -16*p**2 + 2169*p + 944. Determine q(136).
-8
Let i(l) = -72915*l + 218732. Give i(3).
-13
Let a(j) = 33*j**2 + 37408*j + 133335. Give a(-1130).
-5
Let f(p) = -2*p**3 + 40*p**2 + 441*p + 44. Determine f(29).
-2305
Let u(a) = -13*a**2 - 65*a - 66. What is u(-1)?
-14
Let w(v) = -6241*v + 18650. What is w(3)?
-73
Let l(y) = 24*y**2 + 3869*y + 1246. Calculate l(-161).
441
Let m(w) = -w**3 + 19*w**2 + 60*w + 1312. Calculate m(25).
-938
Let s(y) = -861*y + 35128. Calculate s(41).
-173
Let n(g) = 10*g**2 + 2992*g + 35029. Give n(-287).
15
Let r(o) = -2*o**2 - 416*o - 9115. Determine r(-23).
-605
Let s(j) = 8*j**2 - 106*j + 444. What is s(5)?
114
Let p(m) = -2*m**3 + 24*m**2 - 53*m + 614. What is p(12)?
-22
Let k(r) = 75*r + 28578. What is k(-381)?
3
Let u(l) = l**2 + 67*l - 2363. What is u(28)?
297
Let c(y) = -18408*y - 92032. Calculate c(-5).
8
Let a(t) = -8*t**3 - 110*t**2 - 555*t + 21. Calculate a(-5).
1046
Let n(w) = -4914*w - 619093. Give n(-126).
71
Let r(v) = 4*v**3 + 104*v**2 - 364*v - 125. Determine r(-29).
339
Let g(m) = -23565*m + 329813. Calculate g(14).
-97
Let s(t) = -t**2 + 21*t + 115818. Calculate s(351).
-12
Let q(i) = -11769*i + 49174. Ca